 -j*n, -z + 3*n - 17 + 8 = 0. What is the greatest common divisor of 12 and z?
3
Let c(q) = -q**2 - 5*q + 20. Let a be c(-7). What is the highest common divisor of 51 and a?
3
Let c = -39 - -57. Let g = -22 + 24. Suppose -g*r - 8*r + 60 = 0. What is the highest common factor of r and c?
6
Let f be 1 + 11 + 1 + -2. Let r be 142/6 + 1/3. Let w be ((-1)/(-3))/(8/r). What is the highest common factor of f and w?
1
Let a = 1035 - 629. Calculate the greatest common factor of 116 and a.
58
Let n(d) = -d**2 + 7*d - 5. Let h be n(7). Let t = 16 + h. Suppose -q - 484 = -5*q. What is the greatest common factor of q and t?
11
Let n(u) = 19*u**2 - 30*u + 32. Let w be n(-7). What is the highest common divisor of w and 51?
51
Let a(u) = -18*u - 499. Let m be a(-43). What is the highest common divisor of 100 and m?
25
Suppose 135*b = 85*b + 3000. What is the highest common factor of 620 and b?
20
Suppose 2*h - 10 = -0. Let n = 36 - -5. Let w be 16 + -17 + n/1. Calculate the highest common factor of w and h.
5
Let f(c) = -2*c**3 + c**2 - c + 10. Let s be f(0). What is the highest common factor of 310 and s?
10
Let v(j) = -4*j**3 - 1 + j + 16 + 3*j**3. Let w be v(0). Let c be 5852/49 + 8/14. What is the highest common divisor of w and c?
15
Suppose -8 = -2*y, g + 122 = 4*g + 2*y. Calculate the greatest common factor of g and 1634.
38
Let k(a) = -a**2 - 17*a - 3. Let t be k(-11). What is the highest common factor of 252 and t?
63
Let n = 406 - 341. What is the highest common factor of n and 91?
13
Suppose -2*k - 5 + 15 = 0. Suppose 3*l + k*w = 80, 165 = 5*l - 0*l + 2*w. Calculate the greatest common factor of l and 5.
5
Let p = -51 + 54. Suppose -2*w - w + 521 = -4*j, -336 = -2*w - p*j. Calculate the greatest common factor of 19 and w.
19
Let r = -57 + 60. Suppose l = -2*y + 53, -4*y = -r*l + l - 118. Calculate the highest common divisor of 49 and y.
7
Suppose -k + 0*k = -5*m + 160, -5*k = 2*m - 91. What is the greatest common factor of m and 33?
33
Let f(o) = -o**3 + 8*o**2 - 3*o - 16. Let w be f(7). Calculate the greatest common factor of w and 4.
4
Suppose 2*t - 21 = -5*t. Suppose -l = -t*f + 19, -l - 29 = -5*f + 2*l. What is the highest common factor of 77 and f?
7
Suppose -13 = -2*n + a, 0*a = -3*n + a + 19. Suppose 2*h - s = 26, 0 = 2*h - n*h + s + 50. What is the highest common factor of 60 and h?
12
Suppose -s + 231 = -o, -o + 197 = 2*s - 274. Let c = -152 + s. What is the highest common factor of 41 and c?
41
Let m be -4*((-450)/24 + 2). Calculate the highest common factor of 871 and m.
67
Let t = 22 - 13. Let h be 11 - ((-17)/(-4) - 11/44). Suppose h + 83 = 2*z. What is the highest common factor of t and z?
9
Suppose 0 = -5*c - 4*s + 2052, 0 = -3*c - 2*s + 473 + 757. Calculate the greatest common factor of 51 and c.
51
Let g = 47 - 4. Suppose -n + 7 = -g. What is the greatest common factor of n and 10?
10
Suppose 0 = z - 2*w + 8, 24 = -5*z - 2*w + 8. Let p(l) = -l**2 - 3*l + 6. Let b be p(z). What is the highest common divisor of b and 22?
2
Let q(g) = g + 39. Let p be q(-30). Suppose -5*l - p = -6*l. Calculate the highest common divisor of l and 99.
9
Suppose 7*a + 90 = 9*a. Suppose -a = -3*u - 0*u. Calculate the greatest common factor of 120 and u.
15
Let u = -482 - -538. Let g(m) = 10*m + 4. Let x be g(1). What is the greatest common factor of x and u?
14
Let f = 637 - 630. Suppose -2*w + 3 = w. What is the highest common divisor of w and f?
1
Let n(j) = 124*j**2 - 122*j + 242. Let w be n(2). Calculate the highest common divisor of w and 52.
26
Let l be -138 - 0*(3 + 4/(-2)). Let u be l/(-10) + 6/30. Calculate the highest common divisor of 14 and u.
14
Let b be 422/6 - 3/9. Suppose -35*t = -37*t. Suppose f + 4*i - 26 = 0, -4*f + t*i = 5*i - 60. What is the highest common divisor of f and b?
10
Let x(n) = -26*n + 33. Let b be x(0). Suppose 12 = -2*h + 34. What is the greatest common divisor of b and h?
11
Let f(u) = 4 + 5 + 2 - 3 + u**2. Let c be f(-6). Suppose 0 = 3*i - 2*i - 11. Calculate the greatest common divisor of c and i.
11
Let d(q) = 2*q**2 - 2*q - 1. Let y be d(2). Suppose -4*u = s - 47, 13*s + 5*u = 17*s - 83. Calculate the highest common divisor of s and y.
3
Let t be -15*((-6)/14 - (-2125)/(-105)). What is the greatest common factor of 20 and t?
10
Suppose -5*d - 2*w + 127 = -540, 4*d - 544 = w. What is the highest common divisor of d and 81?
27
Let p be 6/21 - 4/7*-3. Suppose n + 27 = -5*v + 142, 215 = p*n + 5*v. What is the greatest common divisor of 250 and n?
50
Let t(x) = -16*x + 12. Let k be t(-3). Let q be (-1)/(((-2)/4)/((-3)/(-2))). Calculate the greatest common divisor of q and k.
3
Suppose 0 = 3*b + 2*b - 55. Let o = 776 - 655. What is the highest common factor of b and o?
11
Let h = 4035 - 2581. Suppose 0 = 12*a + 266 - h. What is the highest common factor of 66 and a?
33
Let j be ((-2)/(-6))/(9*13/190593). Calculate the highest common divisor of 3 and j.
3
Let b be (67/268)/((-2)/(-96)). What is the greatest common factor of b and 32?
4
Suppose 3 + 173 = 8*s. Calculate the highest common factor of 88 and s.
22
Let j be (-12)/(-5) + (-17)/(-425)*-10. Calculate the greatest common divisor of 14 and j.
2
Let l(c) = c**2 - 4*c - 33. Let j be l(10). What is the greatest common factor of j and 36?
9
Let v = 53 - 25. Let u be 55/3 + 3/((-18)/(-4)). Suppose -12 = x - u. Calculate the highest common factor of v and x.
7
Let w(z) = -z**3 + 12*z**2 - 22*z + 18. Let u be w(10). Let d(x) = -2*x**3 - 3*x**2 - 2*x + 3. Let f be d(u). Calculate the greatest common divisor of 88 and f.
11
Let w = -8 + 113. Calculate the highest common divisor of 63 and w.
21
Let o(c) = 2*c - 12. Let g = -12 + 17. Let m be o(g). Let x be (-1)/m + 23/2. What is the highest common factor of x and 96?
12
Let c = -133 - -349. Suppose 0 = 2*m + 2 - 0. Let r(l) = 28*l**2 + 2*l + 1. Let a be r(m). Calculate the greatest common divisor of c and a.
27
Suppose -6*b = -2*b - 304. What is the highest common factor of b and 6?
2
Suppose b + 1081 = 3*m, -2*m - 4*b + 715 = b. What is the greatest common factor of 40 and m?
40
Suppose 4*s + s = 20. Suppose -t = -5*w + 8, 4*t - 2*t + 16 = -5*w. Let f be t/((-3 + s)/(-2)). What is the greatest common factor of f and 24?
8
Suppose -3*n + 2*j = 12, 0 = n - 3*j + 5*j + 12. Let d be (n/(2/(-1)))/1. Let h = 5 + d. Calculate the highest common factor of 32 and h.
8
Let s be ((-4)/1)/((-20)/510). Let v = s + 66. What is the greatest common divisor of 24 and v?
24
Suppose 3582 + 18 = 75*i. Let s = 5 - 13. Let y be ((-2)/2 - 3)*s. Calculate the greatest common factor of y and i.
16
Suppose 0 = -3*j + 3*r + 63, -j - 5*r = -4*j + 67. Calculate the highest common divisor of j and 1.
1
Let p = 33 - 46. Let g = -21 - p. Let u be (29 + -9)*(-10)/g. Calculate the greatest common divisor of u and 5.
5
Let a be 3/(-3)*-1 - (4 - 426). What is the greatest common divisor of 9 and a?
9
Let n be (-4)/6 + 65/3. Let z = 41 + -29. Let k be 496/z - (-6)/9. Calculate the highest common factor of n and k.
21
Let g = 311 + -276. Calculate the highest common divisor of g and 42.
7
Suppose -16*j - 22*j = -456. Let w = 23 + 13. What is the highest common factor of w and j?
12
Let b(n) = 2*n + 5. Let d be b(6). Let s be (170/4)/(180/72). Calculate the highest common divisor of d and s.
17
Let v be 12/32 + (-8770)/(-80). Let n = 4 + 6. Calculate the highest common divisor of v and n.
10
Let q be 3026/204 - 4/(-48)*14. Let b = 3 - -1. Calculate the greatest common factor of b and q.
4
Suppose -3*o + 8 = -2*r + 23, 2*r = -2*o. Let w(f) = 3*f**3 - 2*f + 1. Let h be w(r). Calculate the highest common factor of h and 19.
19
Let d(z) = -3*z. Let x be d(-1). Let a = 27 + x. What is the highest common factor of 210 and a?
30
Suppose 2*f = 5*d - 1709, 3*f - 1699 = -3*d - 2*d. What is the greatest common factor of 22 and d?
11
Let o be (1/(-3))/(20/(-720)). Calculate the highest common divisor of o and 16.
4
Let k = -520 - -604. Calculate the highest common factor of k and 60.
12
Let g(k) = -4*k - 4. Let m be g(-2). Suppose s = 5, q = -m*s + 3 + 69. Calculate the greatest common factor of q and 208.
52
Let n = 9 + -24. Let a = -12 - n. Suppose 4*v - a*v = 13. Calculate the greatest common divisor of v and 13.
13
Let x(f) = -f**2 + 3*f + 22. Let s be x(5). Let q be